863?
6
What is the hundred thousands digit of 518249415?
2
What is the hundred thousands digit of 21751064?
7
What is the hundreds digit of 312161839?
8
What is the ten thousands digit of 36475792?
7
What is the thousands digit of 264054519?
4
What is the hundreds digit of 9056469?
4
What is the ten millions digit of 43740537?
4
What is the ten millions digit of 146295226?
4
What is the ten thousands digit of 62486922?
8
What is the ten thousands digit of 346502626?
0
What is the units digit of 2037158?
8
What is the hundreds digit of 229506665?
6
What is the ten millions digit of 120824196?
2
What is the hundred millions digit of 2384185624?
3
What is the hundred thousands digit of 506618774?
6
What is the ten millions digit of 184878028?
8
What is the hundreds digit of 77624594?
5
What is the thousands digit of 88754868?
4
What is the tens digit of 28531369?
6
What is the hundred thousands digit of 4620778?
6
What is the ten thousands digit of 2280376169?
7
What is the hundreds digit of 153273465?
4
What is the hundred thousands digit of 102097448?
0
What is the ten millions digit of 59217412?
5
What is the units digit of 77468980?
0
What is the units digit of 44785651?
1
What is the billions digit of 1434872920?
1
What is the ten thousands digit of 214500070?
0
What is the tens digit of 1050828860?
6
What is the thousands digit of 2553160709?
0
What is the hundreds digit of 36622492?
4
What is the ten thousands digit of 27511078?
1
What is the units digit of 149302846?
6
What is the hundred thousands digit of 44648587?
6
What is the thousands digit of 549762765?
2
What is the hundred millions digit of 397753512?
3
What is the ten thousands digit of 3590179484?
7
What is the tens digit of 14373130?
3
What is the hundreds digit of 68744770?
7
What is the millions digit of 1413247829?
3
What is the thousands digit of 449545405?
5
What is the hundred thousands digit of 72273786?
2
What is the hundred thousands digit of 253561453?
5
What is the millions digit of 85073907?
5
What is the hundreds digit of 49998105?
1
What is the billions digit of 5672164884?
5
What is the tens digit of 165148860?
6
What is the millions digit of 31708374?
1
What is the thousands digit of 277498467?
8
What is the units digit of 1594267951?
1
What is the thousands digit of 861913934?
3
What is the hundred thousands digit of 256288394?
2
What is the ten thousands digit of 755658726?
5
What is the millions digit of 3958660619?
8
What is the hundred thousands digit of 365962611?
9
What is the ten millions digit of 3073573396?
7
What is the ten millions digit of 29650818?
2
What is the ten millions digit of 88623275?
8
What is the hundred millions digit of 169693908?
1
What is the billions digit of 3465226155?
3
What is the hundred millions digit of 434670242?
4
What is the ten millions digit of 3660073635?
6
What is the hundred thousands digit of 71178086?
1
What is the hundred millions digit of 456048211?
4
What is the ten thousands digit of 75024644?
2
What is the thousands digit of 42851419?
1
What is the billions digit of 4518717948?
4
What is the millions digit of 80203593?
0
What is the hundreds digit of 23356889?
8
What is the tens digit of 5895339?
3
What is the tens digit of 70191400?
0
What is the hundreds digit of 88480487?
4
What is the hundred millions digit of 136508392?
1
What is the units digit of 1524031085?
5
What is the millions digit of 34211539?
4
What is the thousands digit of 184824495?
4
What is the units digit of 1305470047?
7
What is the tens digit of 30418147?
4
What is the tens digit of 707514851?
5
What is the millions digit of 44950892?
4
What is the ten thousands digit of 28484503?
8
What is the ten thousands digit of 326544428?
4
What is the ten millions digit of 44798779?
4
What is the hundreds digit of 565328585?
5
What is the millions digit of 31628310?
1
What is the hundred thousands digit of 14396623?
3
What is the hundred millions digit of 1123372041?
1
What is the thousands digit of 3389159373?
9
What is the ten thousands digit of 5241702735?
0
What is the tens digit of 60465127?
2
What is the tens digit of 9615619?
1
What is the hundred thousands digit of 2214896274?
8
What is the millions digit of 35399414?
5
What is the ten thousands digit of 30273523?
7
What is the hundreds digit of 86516175?
1
What is the units digit of 1253413272?
2
What is the thousands digit of 571214800?
4
What is the units digit of 541106819?
9
What is the thousands digit of 8362069?
2
What is the tens digit of 353265152?
5
What is the ten thousands digit of 526142829?
4
What is the thousands digit of 3416370994?
0
What is the ten thousands digit of 15331878?
3
What is the tens digit of 6867017?
1
What is the ten millions digit of 46836902?
4
What is the hundreds digit of 96808786?
7
What is the thousands digit of 829980594?
0
What is the thousands digit of 80582021?
2
What is the ten millions digit of 2159841046?
5
What is the units digit of 26538669?
9
What is the hundreds digit of 248450543?
5
What is the ten millions digit of 538791411?
3
What is the ten millions digit of 313929462?
1
What is the millions digit of 418909307?
8
What is the thousands digit of 200847090?
7
What is the units digit of 889677145?
5
What is the hundred millions digit of 336721967?
3
What is the ten thousands digit of 822641094?
4
What is the ten millions digit of 52602678?
5
What is the hundred millions digit of 1666933760?
6
What is the tens digit of 52202527?
2
What is the billions digit of 5950817533?
5
What is the millions digit of 3936612010?
6
What is the hundreds digit of 2244618058?
0
What is the units digit of 737439501?
1
What is the hundreds digit of 1538670414?
4
What is the hundred thousands digit of 44589969?
5
What is the thousands digit of 2091546845?
6
What is the ten millions digit of 8731897433?
3
What is the ten thousands digit of 152460695?
6
What is the hundreds digit of 395129469?
4
What is the millions digit of 5684877451?
4
What is the hundred thousands digit of 27162853?
1
What is the billions digit of 1132889661?
1
What is the hundreds digit of 36833092?
0
What is the tens digit of 215564963?
6
What is the hundred thousands digit of 1674657612?
6
What is the tens digit of 22547775?
7
What is the ten thousands digit of 33613534?
1
What is the hundreds digit of 1204818311?
3
What is the ten thousands digit of 437426347?
2
What is the ten millions digit of 626148391?
2
What is the thousands digit of 75449977?
9
What is the ten thousands digit of 631687341?
8
What is the hundred millions digit of 1206298433?
2
What is the ten millions digit of 1356450696?
5
What is the tens digit of 1505864378?
7
What is the thousands digit of 940873887?
3
What is the millions digit of 1280617490?
0
What is the tens digit of 7875945206?
0
What is the hundred thousands digit of 66763478?
7
What is the hundred millions digit of 861145514?
8
What is the ten thousands digit of 119681817?
8
What is the ten millions digit of 2849663138?
4
What is the hundreds digit of 79143913?
9
What is the hundreds digit of 3165378992?
9
What is the hundreds digit of 32751064?
0
What is the hundred thousands digit of 5382964?
3
What is the hundreds digit of 140860229?
2
What is the hundred thousands digit of 64750463?
7
What is the hundreds digit of 2723416820?
8
What is the hundred millions digit of 204191124?
2
What is the hundred thousands digit of 274161315?
1
What is the ten thousands digit of 246505227?
0
What is the ten millions digit of 114213315?
1
What is the billions digit of 1761926542?
1
What is the units digit of 58890114?
4
What is the hundred millions digit of 483359955?
4
What is the hundred thousands digit of 14695806?
6
What is the hundred millions digit of 1419879456?
4
What is the hundred thousands digit of 1093834?
0
What is the millions digit of 48481390?
8
What is the millions digit of 3124287142?
4
What is the units digit of 65307383?
3
What is the thousands digit of 438419279?
9
What is the hundred thousands digit of 449137919?
1
What is the ten millions digit of 251256857?
5
What is the thousands digit of 1770096713?
6
What is the ten millions digit of 43035607?
4
What is the hundreds digit of 23791458?
4
What is the ten millions digit of 13484969?
1
What is